2259?
False
Is 4711255 a multiple of 985?
True
Is 798714 a multiple of 800?
False
Is 15 a factor of 27105?
True
Is 38 a factor of 928796?
True
Does 5 divide 4584030?
True
Is 194 a factor of 416518?
True
Is 3376130 a multiple of 40?
False
Does 90 divide 102609?
False
Does 411 divide 438126?
True
Is 51 a factor of 1321410?
True
Is 153248 a multiple of 25?
False
Is 265310 a multiple of 617?
True
Is 153 a factor of 445077?
True
Does 41 divide 608402?
False
Is 110836 a multiple of 21?
False
Is 550334 a multiple of 111?
False
Does 84 divide 109452?
True
Is 1167 a factor of 3331904?
False
Is 152278 a multiple of 146?
True
Does 95 divide 165680?
True
Is 142576 a multiple of 67?
True
Is 43937865 a multiple of 20?
False
Is 135 a factor of 179820?
True
Is 63 a factor of 47502?
True
Is 9307723 a multiple of 101?
False
Does 603 divide 1496491?
False
Is 45375 a multiple of 363?
True
Is 82 a factor of 2968645?
False
Is 795 a multiple of 123?
False
Is 151 a factor of 361645?
True
Is 14 a factor of 46147?
False
Does 67 divide 719330?
False
Is 147 a factor of 2573235?
True
Is 180 a factor of 1338480?
True
Is 1639364 a multiple of 38?
False
Does 15 divide 95895?
True
Does 143 divide 1274293?
False
Does 4 divide 306351?
False
Does 374 divide 17146778?
True
Is 5457816 a multiple of 1547?
True
Does 6 divide 19672?
False
Is 74 a factor of 399230?
True
Is 2552517 a multiple of 207?
True
Is 49270 a multiple of 39?
False
Does 639 divide 1756685?
False
Does 16 divide 2605792?
True
Is 265 a factor of 22234715?
False
Does 342 divide 140484?
False
Is 30 a factor of 56414?
False
Is 24 a factor of 383954?
False
Is 2479315 a multiple of 45?
False
Is 2136311 a multiple of 412?
False
Does 9 divide 221881?
False
Is 272288 a multiple of 268?
True
Does 23 divide 3761780?
False
Is 131 a factor of 68955?
False
Is 22 a factor of 2987182?
True
Is 6 a factor of 45066?
True
Is 10 a factor of 2031010?
True
Is 83797 a multiple of 35?
False
Is 14338540 a multiple of 20?
True
Is 535907 a multiple of 450?
False
Is 24 a factor of 93528?
True
Is 4 a factor of 2310160?
True
Is 22 a factor of 349061?
False
Is 534 a multiple of 14?
False
Is 84020 a multiple of 222?
False
Does 30 divide 1766160?
True
Is 4397479 a multiple of 461?
True
Is 44 a factor of 91476?
True
Is 40959 a multiple of 37?
True
Is 9722952 a multiple of 166?
True
Does 512 divide 666112?
True
Does 62 divide 239047?
False
Is 14225305 a multiple of 11?
False
Is 4297103 a multiple of 197?
False
Is 109621 a multiple of 83?
False
Does 16 divide 1556921?
False
Does 18 divide 4593081?
False
Does 75 divide 4830975?
True
Is 115299 a multiple of 36?
False
Is 40 a factor of 368885?
False
Is 525588 a multiple of 21?
True
Is 159 a factor of 1924024?
False
Is 224 a factor of 275072?
True
Is 5111435 a multiple of 79?
False
Is 38 a factor of 1205322?
True
Is 1452109 a multiple of 2?
False
Does 116 divide 168173?
False
Is 55 a factor of 32652?
False
Does 68 divide 199716?
True
Is 41 a factor of 4661083?
False
Is 42 a factor of 162615?
False
Is 14 a factor of 40061?
False
Is 6 a factor of 37392?
True
Does 88 divide 2759489?
False
Does 534 divide 2414748?
True
Does 22 divide 15004?
True
Is 10 a factor of 52709?
False
Is 3286424 a multiple of 8?
True
Is 848312 a multiple of 16?
False
Is 6 a factor of 11072?
False
Is 78 a factor of 3436758?
True
Does 4 divide 24759?
False
Is 3550560 a multiple of 130?
True
Is 126049 a multiple of 8?
False
Does 89 divide 321557?
True
Is 60 a factor of 671720?
False
Is 735711 a multiple of 16?
False
Is 33795 a multiple of 5?
True
Is 20 a factor of 523440?
True
Is 544 a factor of 3425730?
False
Is 857520 a multiple of 720?
True
Is 26452 a multiple of 389?
True
Is 8 a factor of 3055980?
False
Is 482400 a multiple of 160?
True
Does 1801 divide 4122489?
True
Does 23 divide 271363?
False
Is 3868620 a multiple of 60?
True
Does 24 divide 254304?
True
Is 194 a factor of 5046772?
False
Is 515 a factor of 1268924?
False
Is 4886192 a multiple of 38?
True
Does 441 divide 8692551?
True
Is 5 a factor of 20187?
False
Is 52534 a multiple of 4?
False
Is 4698330 a multiple of 390?
True
Is 633500 a multiple of 50?
True
Does 288 divide 170674?
False
Does 82 divide 205984?
True
Is 4 a factor of 769600?
True
Is 157 a factor of 761293?
True
Is 1267875 a multiple of 115?
True
Does 69 divide 91563?
True
Is 83 a factor of 255441?
False
Does 306 divide 454628?
False
Is 633138 a multiple of 22?
True
Is 64488 a multiple of 66?
False
Is 24 a factor of 3108251?
False
Is 501 a factor of 462088?
False
Is 588 a factor of 398886?
False
Is 20 a factor of 254034?
False
Is 116848 a multiple of 110?
False
Is 15858 a multiple of 18?
True
Does 126 divide 3348576?
True
Is 620 a factor of 6835351?
False
Is 6 a factor of 100098?
True
Is 373414 a multiple of 104?
False
Does 24 divide 339576?
True
Is 235 a factor of 17001862?
False
Is 424 a factor of 639816?
True
Is 168809 a multiple of 66?
False
Does 114 divide 3863344?
False
Is 340935 a multiple of 51?
True
Does 115 divide 1131123?
False
Is 374 a factor of 1023828?
False
Does 2 divide 11154?
True
Is 381392 a multiple of 22?
True
Is 7119 a multiple of 9?
True
Is 16 a factor of 1664486?
False
Does 90 divide 138600?
True
Does 39 divide 2163413?
False
Does 80 divide 104367?
False
Does 744 divide 558744?
True
Is 28 a factor of 10198?
False
Is 253077 a multiple of 260?
False
Is 46 a factor of 306452?
True
Is 16427 even?
False
Is 8266020 a multiple of 35?
True
Is 28 a factor of 856856?
True
Does 78 divide 10573992?
True
Is 3 a factor of 57814?
False
Is 687 a factor of 427314?
True
Is 425638 a multiple of 23?
True
Is 7 a factor of 78033?
False
Does 59 divide 1876436?
True
Is 264 a factor of 299127?
False
Does 556 divide 2716188?
False
Is 9 a factor of 511680?
False
Does 11 divide 1532927?
True
Is 1281226 a multiple of 1241?
False
Is 8604873 a multiple of 27?
True
Is 23569 a multiple of 13?
True
Is 547344 a multiple of 252?
True
Is 17 a factor of 975519?
False
Does 7 divide 5535040?
True
Is 197795 a multiple of 85?
True
Is 4707827 a multiple of 17?
True
Is 49220 a multiple of 107?
True
Is 4086272 a multiple of 184?
True
Is 623415 a multiple of 139?
True
Is 197 a factor of 1385296?
False
Is 629782 a multiple of 34?
True
Is 1262288 a multiple of 199?
False
Is 131516 a multiple of 266?
False
Is 364634 a multiple of 12?
False
Is 1134 a factor of 8799840?
True
Is 91 a factor of 3702608?
True
Is 137684 a multiple of 23?
False
Is 1767187 a multiple of 67?
False
Is 139385 a multiple of 100?
False
Does 8 divide 5096?
True
Is 650175 a multiple of 25?
True
Is 242400 a multiple of 199?
False
Is 37 a factor of 1341604?
False
Is 9328068 a multiple of 108?
True
Is 174202 a multiple of 92?
False
Is 8 a factor of 67679?
False
Does 44 divide 220440?
True
Does 1443 divide 2303028?
True
Does 56 divide 2402290?
False
Is 13621304 a multiple of 588?
False
Is 3879018 a multiple of 9?
True
Is 408 a factor of 469608?
True
Is 12 a factor of 10793?
False
Is 15 a factor of 947431?
False
Does 97 divide 966993?
True
Is 52 a factor of 7858708?
True
Does 12 divide 18912?
True
Does 19 divide 219224?
False
Does 1136 divide 7041209?
False
Is 88 a factor of 9306102?
False
Does 640 divide 229760?
True
Is 31 a factor of 1774378?
True
Does 33 divide 22256?
False
Does 63 divide 17285688?
True
Does 35 divide 752810?
False
Does 99 divide 1057722?
False
Does 68 divide 816748?
True
Is 1044 a factor of 259904?
False
Does 5 divide 1172635?
True
Is 160 a factor of 8069600?
True
Does 135 divide 9670455?
True
Is 113216 a multiple of 464?
True
Does 26 divide 431314?
True
Is 10 a factor of 435390?
True
Is 9 a factor of 27575?
False
Does 34 divide 231329?
False
Is 11 a factor of 481322?
False
Is 375732 a multiple of 12?
True
Does 344 divide 110768?
True
Does 24 divide 394407?
False
Is 750618 a multiple of 309?
False
Is 519262 a multiple of 3?
False
Does 43 divide 1964111?
True
Is 101 a factor of 2372086?
True
Is 1617822 a multiple of 96?
False
Is 9992589 a multiple of 811?
False
Is 97 a factor of 148373?
False
Is 252 a factor of 6966540?
True
Is 1300670 a multiple of 3?
False
Is 40 a factor of 11140480?
True
Does 10 divide 247420?
True
Is 21557 a multiple of 58?
False
Does 17 divide 1451749?
True
Is 268 a factor of 253528?
True
Does 26 divide 152710?
False
Is 24 a facto